3*y**2/2 + 165*y. Does 10 divide w(-10)?
False
Let z(c) = 45*c + 94. Let n be z(-15). Let m = n - -841. Does 26 divide m?
True
Let b(i) = -i**3 - 2*i**2 + 2*i - 1. Let z be b(-3). Let k be (z - -6)/2 + 2/1. Suppose k*v - 520 = -4*v. Is 26 a factor of v?
True
Let g = -2053 - -2088. Does 7 divide g?
True
Let k(v) = 2*v**3 - 37*v**2 - 159*v + 3740. Is k(27) a multiple of 37?
True
Suppose 0 = -h + 4*j + 1633, 105*j = -2*h + 102*j + 3222. Is 3 a factor of h?
True
Suppose -4*d - 805 + 49 = 0. Let z be (d/(-28))/((-6)/(-16)). Suppose 0*u + 2*u - z = 0. Is 9 a factor of u?
True
Let w(q) = -q**3 - 12*q**2 - 5*q - 30. Let p be w(-11). Does 18 divide 5/((-35)/42) - p?
True
Let c(z) = 38 - 97 - 14*z + 29 - 44. Does 3 divide c(-8)?
False
Suppose 4182*r = 4194*r - 39120. Is 33 a factor of r?
False
Let g = 57218 - 7858. Does 20 divide g?
True
Suppose 5*q - 5*d - 3 = 8*q, 5*q + 5*d - 5 = 0. Suppose 0 = 4*g + 6*m - q*m - 1588, 0 = -3*m - 12. Does 19 divide g?
True
Let b(m) = m + 1. Let s(i) = -12*i - 28. Let a(j) = 3*b(j) + s(j). Suppose 30*t = 182*t + 1064. Is a(t) a multiple of 7?
False
Let o(i) = -7*i**3 - 5*i**2 - 4*i + 161. Does 7 divide o(-10)?
False
Let b(o) = 8*o**2 - o - 5. Let k be b(10). Let a = k + 423. Is a a multiple of 22?
False
Suppose 0 = -12*i + 18 + 18. Suppose -4*u - 817 = -i*d, u + 538 = -7*d + 9*d. Is 88 a factor of d?
False
Suppose -7*c = -28*c + 2709. Let z = 264 - c. Is z a multiple of 27?
True
Suppose 0 = -3*y + 6*y - 18, -q - 5*y + 7413 = 0. Does 23 divide q?
True
Let s(t) be the first derivative of 3*t**2/2 + 28*t - 385. Suppose -3 = -4*a - 27. Is s(a) a multiple of 5?
True
Let s(h) = h**3 - 23*h**2 + 22*h - 70. Is s(28) a multiple of 22?
True
Suppose 32*u - 4*i + 362 = 30*u, -383 = 2*u + 3*i. Let c = u - -543. Is c a multiple of 36?
False
Let y(u) = -2*u**2 - 28*u + 60. Let x be y(-16). Let b(l) = 13*l**2 - 3*l + 5. Does 45 divide b(x)?
True
Suppose 17*y - 46213 = -29162 + 73168. Does 61 divide y?
True
Let b be ((-3)/9)/(1*4/(-37188)). Suppose -8*m = -3*m + 2*u - b, -1233 = -2*m - 3*u. Is 77 a factor of m?
False
Let n = 466 - 458. Suppose 855 = n*j - 5*j. Does 15 divide j?
True
Let q(l) = -376*l**3 - 8*l**2 - 24*l - 66. Does 20 divide q(-3)?
False
Let m = -44 + 51. Suppose 0 = -13*o + m*o + 342. Suppose -o = -3*i - y - 10, 4*i = 3*y + 67. Is i a multiple of 4?
True
Let x(n) = -2*n**3 + 20*n**2 - 10*n - 17. Let m be 2 - 1/1 - (1 + 2). Let c be -9*(3 + m - 2). Is 11 a factor of x(c)?
True
Suppose -3*h + 30 = 18. Suppose 5*s - s = -l + 311, 308 = 4*s + h*l. Let i = s + -34. Is 4 a factor of i?
True
Let h(b) = -2*b + 20. Let l be h(9). Suppose -2*n + d = -562, -l*d + 0*d - 844 = -3*n. Suppose -n = -4*t - 6*t. Does 7 divide t?
True
Let a be 35 + (-2)/1 + 1. Let t = a - 20. Let b(f) = -f**3 + 14*f**2 + 2*f + 6. Does 17 divide b(t)?
True
Let z(o) be the first derivative of 83*o**2/2 - 10*o - 147. Is 10 a factor of z(2)?
False
Let w(g) = g**2 - 2*g - 16. Let k = 7 + 0. Let u be w(k). Let o = u - -25. Is 4 a factor of o?
True
Let d(n) = 11*n + 13. Let c(h) = -h - 1. Let x(g) = 78*c(g) + 6*d(g). Let a be x(-5). Let f = 89 - a. Is f a multiple of 8?
False
Suppose -v - c + 2146 = 0, 12903 - 4329 = 4*v - c. Is 18 a factor of v?
False
Suppose 2*h - 2*x - 3048 = 0, 11 + 7617 = 5*h - 3*x. Let b = h - -166. Is b a multiple of 121?
True
Suppose 2*h + 18190 = 4*o + 4856, -13319 = -4*o - h. Is o a multiple of 78?
False
Let h(p) = -2*p - 57. Let n(i) = 5*i + 115. Let a(y) = -9*h(y) - 4*n(y). Let m be a(24). Suppose m*z = -z + 252. Is 7 a factor of z?
True
Suppose -3*t = 3*c - 23376, 2*t + 128*c - 130*c - 15572 = 0. Does 146 divide t?
False
Suppose 0 = -16*w + 3*w - 429. Let i = w + 199. Suppose -i = 8*g - 790. Does 13 divide g?
True
Let b = 30 - -131. Let h = 211 - b. Is 50 a factor of h?
True
Suppose 45314604 = -152*f + 809*f. Does 43 divide f?
True
Let f(j) = -j**2 + 20*j + 8. Let h be f(15). Suppose 3*n + 125 = 5*d, -3*d = d + n - h. Is 11 a factor of d?
True
Let p(c) = 0*c + 5*c + 654 - 3*c + 8*c - 3*c. Does 12 divide p(0)?
False
Does 2 divide (6 - 7) + 218 + -7?
True
Suppose o - 3*s - 249 = -o, -4*o + 553 = 5*s. Suppose -4*j + 3*p + 740 = 0, -5*j - 3*p + 766 = -o. Is j a multiple of 26?
True
Let o(u) = -u**2 + 23*u - 25. Let h be o(8). Suppose -8*w - h = -3*f - 4*w, 0 = 4*f + 4*w - 136. Let m = 27 + f. Does 4 divide m?
True
Let a(x) = 3*x - 10. Let h = 69 + -64. Let n be a(h). Suppose -2*z = -n*r + 2*z + 355, 5*z + 350 = 5*r. Does 15 divide r?
True
Suppose 7*w = -o - 5*w + 1671, -9 = 3*w. Does 27 divide o?
False
Let g = 2622 + 14220. Is g a multiple of 34?
False
Suppose -24*y - 6*y + 34284 = -2436. Does 3 divide y?
True
Suppose -5*g - x - 2*x + 419 = 0, 243 = 3*g - x. Let q = g + 92. Is q a multiple of 58?
True
Let q(r) = -239*r - 1679. Is 81 a factor of q(-46)?
True
Let p = 53 + -49. Suppose -j + 145 = -3*u, p*j + 3*u - 359 = 161. Suppose -2*o = -j - 37. Is o a multiple of 36?
False
Let p = 854 + -336. Is p a multiple of 65?
False
Suppose -559 = 2*r - 0*p + 5*p, 0 = r - 4*p + 312. Let m = -224 - r. Is m a multiple of 4?
True
Let v(z) = 10883*z**3 + 2*z**2 + 6*z - 6. Is v(1) a multiple of 7?
True
Let l be 5 - (-116)/(-24) - (-29)/6. Suppose l*b + 2 = 6*b. Is 6 a factor of (6/(-3) + b/4)*-36?
True
Let y = 252 - 255. Is 3 a factor of y/(-2)*(-460)/(-69)?
False
Suppose 0 = 2494*k - 2503*k + 12834. Does 23 divide k?
True
Is 21 a factor of (-32484)/(-9) + 2 - (-98)/147?
True
Let c(p) = p**3 + 82*p**2 + 43*p - 3. Does 41 divide c(-81)?
True
Let s(q) = 16*q**3 - 9*q**2 - 89*q + 682. Is 12 a factor of s(13)?
True
Suppose 38*t - 498614 - 125996 = 61784. Is 16 a factor of t?
False
Suppose 0 = -3*d + 2*t - 3577, -3*t + 2393 = -3*d + d. Let b = d - -2243. Is b a multiple of 31?
True
Let k be 3/12*1657 + (-45)/36. Suppose c - 676 + k = 0. Does 18 divide c?
False
Suppose 3*a - 206 = -1256. Let g = a - -623. Let m = -165 + g. Does 24 divide m?
False
Suppose -4277 = -b + 3*q, 5*b - 3*q + 2*q - 21371 = 0. Is b a multiple of 18?
False
Let n = -3719 - -8320. Is 44 a factor of n?
False
Let k(c) = c**3 + 8*c**2 + 9*c - 7. Let i = 4 - 2. Let d = i - 7. Is 17 a factor of k(d)?
False
Suppose 4*p - 378 = 446. Let u = -77 + p. Is 54 a factor of u?
False
Suppose 0 = 668*o - 753*o + 999600. Does 120 divide o?
True
Suppose 5*p = 18*u + 84700, 84700 = 5*p + 19*u - 22*u. Is p a multiple of 44?
True
Let a(k) = k**3 - 2*k**2 + k. Let n be a(2). Let r(m) = 26*m + 3*m**2 - 13*m**n - 15 + 9*m**2. Does 30 divide r(11)?
True
Suppose -3*b + 4*v - 504 = -b, 0 = -2*v - 10. Let c = b + 556. Is 14 a factor of c?
True
Let r(j) = -j**3 - 9*j**2 - 17*j + 8. Let o be r(-3). Suppose -o*p = 7*p - 252. Is p a multiple of 15?
False
Let t(g) = -g**3 - 141*g**2 - 335*g - 2273. Is 5 a factor of t(-139)?
True
Let g(w) = -5*w - 40. Let d be g(-9). Let k be (-23 - d)*(-3 - (-5)/2). Does 17 divide (-6)/k - (-2 - 580/14)?
False
Let t(a) = a**2 - 19*a + 94. Let s be t(11). Let l(u) = -u**2 + 22*u - 51. Is l(s) a multiple of 9?
True
Let d be ((-4)/(-3))/(6 + 80/(-12)). Let l(k) = k. Let n(q) = -29*q + 14. Let z(t) = -2*l(t) + n(t). Is 8 a factor of z(d)?
False
Suppose r + 1 = 8*f - 9*f, -2*f + 5*r + 33 = 0. Let n(v) = -v**3 + v**2 + 2*v. Let p be n(2). Suppose p = f*j - 3*j - 30. Is 3 a factor of j?
True
Let r = 9933 - 8124. Is r a multiple of 220?
False
Let x = -2242 - -7390. Is 12 a factor of x?
True
Suppose 2*m + 6*m = -832. Let r = m - -148. Is r a multiple of 19?
False
Let h(c) = 2*c**2 - 3 - 14*c + 53*c - 9 - 25*c. Is 5 a factor of h(-11)?
False
Let x(n) = -n**2 - 9*n - 6. Let c be x(0). Is 20 a factor of c/(-4)*(-32)/24 + 206?
False
Suppose 62 + 18 = 16*y. Let f(j) = 31*j + 37. Is f(y) a multiple of 16?
True
Let r(g) = 7*g**2 + 18*g - 229. Does 20 divide r(9)?
True
Suppose -5 - 3 = -2*f. Suppose -m - 2*p + 396 = -5*p, m - f*p - 396 = 0. Suppose 339 = 3*s - m. Is s a multiple of 49?
True
Suppose 4*l + 2*o = 7506, -21*l + 2*o + 9369 = -16*l. Is 25 a factor of l?
True
Let i(w) = -383*w - 24 - 19 + 15*w + 19. Let x be i(-19). Is 22 a factor of (-2)/20 - x/(-80)?
False
Let i(y) = -y**3 + 17*y**2 + 8*y + 50. Does 10 divide i(14)?
True
Let g(q) = -q**2 + 15*q + 5. Let o be g(15). Suppose 19 = 2*m + o*r, 2*m + 6 = -m + 4*r. Suppose 0 = w - 2*x - 31, m*w + 3*x + 124 = 6*w. Does 20 divide w?
False
Suppose